vative of 2*c + d*c**2 - 11. What is k(4)?
14
Suppose 5*c = 14 - 4. Let t(r) be the first derivative of 4*r - c - r**2 + 3 + 0*r**2 - 5. Calculate t(3).
-2
Let c be (-130)/70 - ((-36)/(-7) - 5). Let i(k) = -2*k**3 - k - 1. Calculate i(c).
17
Let u be ((-2)/12)/(4 + 400/(-96)). Let o(a) be the third derivative of a**6/30 - a**4/24 + a**3/6 + a**2. Give o(u).
4
Let s(z) = z**2 + z. Suppose 51 = -3*f + 159. Let u = 36 - f. What is s(u)?
0
Let u(t) be the second derivative of -4*t**4/3 - t**3/3 + t**2/2 + t + 51. Calculate u(1).
-17
Let y(f) = -2*f - 29. Let z = 3004 - 3014. Calculate y(z).
-9
Let m(j) be the third derivative of -2*j**2 + 0*j + 1/60*j**5 - 11/24*j**4 + 0 + j**3. What is m(4)?
-22
Suppose -4*p + 5*s + 30 = 0, -9 = -p + 5*s + 6. Let u be 75/(-30)*4/p. Let f(r) = 4*r**2 + r - 2. What is f(u)?
12
Let a = -76 - -92. Suppose 0 = 7*x + x + a. Let z(s) = 3*s. Determine z(x).
-6
Let u(j) = j**2 - 6*j + 2. Let q be 1 + (-4 + 3 - 20). Let m = -14 - q. Give u(m).
2
Let f(c) = c**3 - 4*c**2 - 4*c + 5. Let b(y) = 7*y**2 + y. Let w be b(-1). Let q be ((-16)/(-6))/(w/9). What is f(q)?
-11
Let l(i) = i**2 - 6*i + 5. Let f = -558 + 563. What is l(f)?
0
Let w(a) = -1. Let x(s) = 4*s + 5. Let b = 18 + -15. Suppose 5 - 2 = -b*q. Let z(k) = q*x(k) - 4*w(k). Determine z(-1).
3
Let d(k) = -k**3 - k**2 + 4*k + 3. Let o = -11 + 11. Suppose o = 3*g, -v + 4*g + 12 = v. Let p be 14/(-6) - v/9. Give d(p).
9
Let v(z) = -z**3 - 21*z**2 + 47*z + 20. Let p be v(-23). Let a(f) = -f**3 - f**2 + 3*f - 1. Give a(p).
8
Suppose 2*w + 2*p + 14 = 0, 4*p = -5*w + 17 - 57. Let c(a) = a**2 + 13*a + 13. Let j be c(w). Let i(o) = 5 - 6*o + 0*o - 6. Give i(j).
-7
Let u = -1 - -3. Suppose -2*w = -4 - u. Suppose 2*i = -w*j - 2*j + 18, 5*i + 3*j = 7. Let c(n) = 5*n - 1. Give c(i).
-6
Let d(o) = -o**2 - 9*o - 8. Let m(b) = 5*b**2 + 63*b + 80. Let i be m(-11). What is d(i)?
0
Suppose 3*z + 8 = -4*c + 68, -4*c - 2*z = -56. Suppose -6*w = -10*w + c. Let v(k) = 3*k. What is v(w)?
9
Let u(x) = x**3 - 15*x**2 + 13*x + 13. Suppose 4*s - 18 = -f, 2*f + 5*s - 27 = 6. Calculate u(f).
-1
Let b(a) = -a**2 - 13*a - 32. Let d = 1533 + -1541. What is b(d)?
8
Let a be -4 + (4 - 6 - -6). Suppose r - 5 = -a*r. Let w(d) = -2*d + 4. What is w(r)?
-6
Suppose 1 = 3*g - 4*h, -3*h = -5*g - 9 + 29. Let z be 207/(-161) + 2/g. Let t(b) = -7*b**2 - 2*b - 1. Calculate t(z).
-6
Let a be (-2)/2 + 1/1. Let c be 1 - 8 - (-6 + 2). Let q(v) = -v - 5. Let f(m) = 1. Let i(s) = c*f(s) + q(s). What is i(a)?
-8
Let t(f) = -35 + 36 - 31*f + 54*f + 39*f**2 - 23*f. Determine t(1).
40
Let v(j) = -7*j + 3. Let o = 51 - 59. Let a(l) = l + 5. Let s be a(o). What is v(s)?
24
Let b = 10 + -12. Let a(d) be the third derivative of -d**5/60 - d**4/12 + d**3/6 - d**2 - 55*d. Give a(b).
1
Let z(j) = 34*j - 2. Let s(g) = 4*g. Let i(p) = -18*s(p) + 2*z(p). Calculate i(-2).
4
Let w(f) = f**3 + 1. Let p(u) = -4*u**3 + 4*u**2 - u - 4. Let d(b) = p(b) + 3*w(b). Determine d(3).
5
Let f(h) = h**3 + 5*h**2 + 5*h + 6. Let z be 6/(12/10)*-1. Calculate f(z).
-19
Suppose -10*f = -4*f - 30. Suppose -k = f*g - 6, -4 + 0 = -k - 4*g. Let t(u) be the second derivative of u**5/20 + u**4/2 + 2*u**3/3 - 2*u**2 - u. What is t(k)?
12
Let h be 0*(-2)/(-4) - -2. Suppose h*k + 8 = 52. Let j = k + -17. Let x(t) = -t**2 + 4*t + 7. What is x(j)?
2
Suppose -92*d - 120 - 182 = 342. Let p(r) = 4 + r + 1 + 5. Calculate p(d).
3
Let i(u) = u**2 - 7*u - 6. Suppose 26*g + 49 = 33*g. What is i(g)?
-6
Let i(r) = 5*r - 8. Let v(a) = -15*a + 26. Let x(o) = 7*i(o) + 2*v(o). Give x(-3).
-19
Let j(d) = 4*d**2 - 5*d - 2. Let k be j(2). Let q(m) = 2*m. Let n(i) = 7*i. Let w(c) = -6*n(c) + 22*q(c). Determine w(k).
8
Let o(y) = -2*y. Let u(h) = h**2 - 8*h - 22. Let m be u(10). Let t be 6 + (-8 - -2) - m*1. Determine o(t).
-4
Let t(w) be the first derivative of 2*w**3 - 6*w + 5/2*w**2 - 2 + 1/4*w**4. Let k be (-24)/(-72) - 16/3. What is t(k)?
-6
Let t(j) be the first derivative of -j**5/20 + 11*j**4/12 + 13*j**3/6 - 3*j**2 + 24*j - 8. Let o(g) be the first derivative of t(g). Calculate o(12).
6
Let t = -2175 + 2182. Let f(g) be the first derivative of -1/3*g**3 + 3*g**2 + 9*g - 1. Determine f(t).
2
Let x(i) be the first derivative of -i**3/3 - 3*i**2 + 3*i + 5. Let k = 14 - 20. Determine x(k).
3
Suppose z = y + 5*z + 24, 2*y - 4*z = 12. Let i(d) = 2*d**2 + d + 5. Calculate i(y).
33
Let z(v) be the second derivative of -v**4/12 + 5*v**3/6 - v**2 - 7*v + 3. What is z(4)?
2
Let j(w) = -w**3 - 8*w**2 + 4. Let y = -1 - -4. Let d(q) = -q - 5. Let a be d(y). Let p be j(a). Let z(v) = -v**3 + 2*v**2 + 4*v - 2. What is z(p)?
-18
Let g(l) = -5*l**2 + l + 1. Suppose 5*a + s = -2 - 2, 3 = -5*a - 2*s. What is g(a)?
-5
Let p(s) = -8*s**3 + 18*s**2 - 9*s - 17. Let q(l) = 5*l**3 - 10*l**2 + 5*l + 9. Let a(f) = -3*p(f) - 5*q(f). Calculate a(-4).
-2
Let r(i) be the first derivative of i**3/3 - 3*i**2 + 3*i + 24. Let z(q) = q - 1. Let t(b) = -r(b) - 6*z(b). Determine t(0).
3
Let n(k) = k**2 - k. Let z be 4/18 - 228/54. Let g(p) = 3*p**2 + 3. Let s(f) = z*n(f) + g(f). What is s(-3)?
-18
Let z(l) = -l**3 + 4*l**2 + 2. Let g = 436 + -433. What is z(g)?
11
Let w(q) = -q**3 + q**2 - 2*q + 2. Let d be w(2). Let y(r) be the third derivative of 0 - 1/24*r**4 + 0*r**3 + 2*r**2 + 0*r. What is y(d)?
6
Let r = -11 + 11. Suppose r = 5*s + u - 2*u - 22, -4*u + 12 = 5*s. Let y(d) = -2*d + 1. What is y(s)?
-7
Let g(c) = c**3 + 5*c**2 - c - 7. Let i be g(-2). Let h(x) = -x**3 + 6*x**2 + 6*x + 2. What is h(i)?
-5
Suppose -3*w = 5*u - 29, 54 = -u - 3*w + 55. Let d(t) = -t**3 + 6*t**2 + 8*t - 4. Give d(u).
3
Suppose 0 = 2*a - 6*a + 20. Let x(w) be the second derivative of 5*w**3/6 + w**2 - 10*w - 8. Determine x(a).
27
Let t(b) = 7*b**2 - 15*b - 12. Let d(l) = -3*l**2 + 7*l + 5. Let f(j) = -9*d(j) - 4*t(j). Suppose -4*i - y - 3*y - 36 = 0, 4*i + 5*y + 40 = 0. What is f(i)?
-7
Let v(z) = 2*z - 5. Let u(p) = -7*p + 8. Let i(o) = -o + 1. Let h(r) = 6*i(r) - u(r). Let n(q) = -7*h(q) + 4*v(q). Determine n(0).
-6
Let r = -37 + 42. Let p(t) = t**2 + 5*t - 5. Let c(o) = -4*o**2 - 14*o + 15. Suppose 3*d - 2 = -8. Let y(a) = d*c(a) - 7*p(a). Determine y(r).
-5
Let d = 23 - 16. Let o(u) = -d*u**3 + 6*u**2 + 0*u**3 + 8*u**3 + 5 + 2*u. Let g(p) = -p**2 + 3*p + 4. Let f be g(5). Calculate o(f).
-7
Let j(q) = q**3 + 3*q**2 - 3*q - 2. Let s be (5 - 4)*(-2)/(-4)*-6. What is j(s)?
7
Let j(o) = -3*o**3 + o**2 - o + 1. Let i(u) = -5*u**3 + u**2 - 2*u + 1. Let q(b) = 4*i(b) - 7*j(b). Determine q(3).
-6
Let r(p) = -p**2 - 6*p - 2. Suppose -28*j + 24*j = 40. What is r(j)?
-42
Let c be (2/3)/((-1)/(-3)). Let s(k) be the first derivative of -10 - 1/2*k**2 + 2/3*k**3 + 2*k - 1/4*k**4. Calculate s(c).
0
Let c(k) = -k**3 + 6*k**2 - 6*k + 2. Suppose 5*l + 0 = -2*n + 20, -5*l + 30 = 4*n. Give c(n).
-3
Let x(r) = -r**3 + 8*r**2 + 9. Suppose 2*v + 26 - 42 = 0. What is x(v)?
9
Let k(m) = 2*m**3 + 2*m**2 - 2*m - 1. Let u(d) = -2*d**2 - 60*d - 252. Let h be u(-25). Give k(h).
-5
Let z(b) be the first derivative of -46 - 1/3*b**3 - 4*b**2 + 11*b. Give z(-10).
-9
Let x(d) = d**3 + 22*d**2 - 46*d + 34. Let n be x(-24). Let k(y) = y + 19. Give k(n).
5
Let n(a) be the first derivative of a**6/360 - a**5/30 - 5*a**4/24 + 2*a**3 - 2. Let j(w) be the third derivative of n(w). Let z = 19 + -13. Calculate j(z).
7
Let r(p) = -10*p**2 - 8*p + 3. Let s(g) = -7*g**2 - 5*g + 2. Let d(t) = 5*r(t) - 8*s(t). What is d(2)?
23
Let d(u) = -3*u**2 + u - 9*u - u + 4*u**2 + 8. Let g = 1483 - 1477. Determine d(g).
-10
Let c(n) be the second derivative of -n**5/60 + n**4/8 - 2*n**3/3 - 7*n**2/2 + 8*n. Let t(j) be the first derivative of c(j). What is t(3)?
-4
Suppose 0 = 4*o - 8, 3*f - 6*o = -5*o - 26. Suppose -t + 25 = 4*b - 3, 0 = -2*b + 3*t. Let a(i) = -4 - 3 + b*i + 1 + i**2. Give a(f).
10
Let i be (6/(-4))/(1/8). Let b = 7 + i. Let p(s) = -s. Let w(n) = 8*n + 7. Let m(d) = -6*p(d) - w(d). Determine m(b).
3
Let l be (2 - -4) + (-1 - -4). Let q(s) = -8*s**2 + 0*s**2 + s**3 - 492*s + 10 + 482*s + 0*s**3. Calculate q(l).
1
Let c(k) = -k**3 + k**2 + k. Let f be c(-1). Suppose 0 = 4*t + f - 9. Let v = t + 5. Let g(x) = -x + 2. Determine g(v).
-5
Let c be (17 - 12)*((-2)/(-10))/1. Let a be (c - -3) + ((-40)/4)/2. Let z(g) = 18*g + 1. What is z(a)?
-17
Let a(y) = 3*y - 4. Let f(w